{"id":553,"date":"2018-09-10T08:18:10","date_gmt":"2018-09-10T08:18:10","guid":{"rendered":"http:\/\/konte.uix.store\/elementor\/?page_id=553"},"modified":"2018-09-10T08:18:10","modified_gmt":"2018-09-10T08:18:10","slug":"glava-v9","status":"publish","type":"page","link":"https:\/\/www.littlelovely.art\/sl\/glava\/glava-v9\/","title":{"rendered":"Glava v9"},"content":{"rendered":"<div data-elementor-type=\"wp-page\" data-elementor-id=\"553\" class=\"elementor elementor-553\" data-elementor-post-type=\"page\">\n\t\t\t\t\t\t<section class=\"elementor-section elementor-top-section elementor-element elementor-element-af42df4 elementor-section-boxed elementor-section-height-default elementor-section-height-default\" data-id=\"af42df4\" data-element_type=\"section\" data-e-type=\"section\">\n\t\t\t\t\t\t<div class=\"elementor-container elementor-column-gap-default\">\n\t\t\t\t\t<div class=\"elementor-column elementor-col-100 elementor-top-column elementor-element elementor-element-1b3ccbd\" data-id=\"1b3ccbd\" data-element_type=\"column\" data-e-type=\"column\">\n\t\t\t<div class=\"elementor-widget-wrap elementor-element-populated\">\n\t\t\t\t\t\t<div class=\"elementor-element elementor-element-86e48e6 elementor-widget elementor-widget-text-editor\" data-id=\"86e48e6\" data-element_type=\"widget\" data-e-type=\"widget\" data-widget_type=\"text-editor.default\">\n\t\t\t\t<div class=\"elementor-widget-container\">\n\t\t\t\t\t\t\t\t\tGlava V9 je vnaprej konfigurirana postavitev glave Konte. \u010ce ga \u017eelite izbrati, preprosto pojdite na Prilagodi &gt; Glava &gt; Postavitev glave in izberite Predzgrajena glava kot Glava V9. Pri vseh postavitvah glave lahko izberete ozadje glave, barvo besedila, nastavite vi\u0161ino v Customizerju. Poleg tega je zgornjo vrstico mogo\u010de konfigurirati lo\u010deno.\t\t\t\t\t\t\t\t<\/div>\n\t\t\t\t<\/div>\n\t\t\t\t\t<\/div>\n\t\t<\/div>\n\t\t\t\t\t<\/div>\n\t\t<\/section>\n\t\t\t\t<section class=\"elementor-section elementor-top-section elementor-element elementor-element-ca448ea elementor-section-boxed elementor-section-height-default elementor-section-height-default elementor-invisible\" data-id=\"ca448ea\" data-element_type=\"section\" data-e-type=\"section\" data-settings=\"{&quot;animation&quot;:&quot;fadeIn&quot;,&quot;animation_delay&quot;:300}\">\n\t\t\t\t\t\t<div class=\"elementor-container elementor-column-gap-no\">\n\t\t\t\t\t<div class=\"elementor-column elementor-col-100 elementor-top-column elementor-element elementor-element-8517132\" data-id=\"8517132\" data-element_type=\"column\" data-e-type=\"column\">\n\t\t\t<div class=\"elementor-widget-wrap elementor-element-populated\">\n\t\t\t\t\t\t<div class=\"elementor-element elementor-element-b229f31 elementor-widget elementor-widget-text-editor\" data-id=\"b229f31\" data-element_type=\"widget\" data-e-type=\"widget\" data-widget_type=\"text-editor.default\">\n\t\t\t\t<div class=\"elementor-widget-container\">\n\t\t\t\t\t\t\t\t\t<img decoding=\"async\" src=\"https:\/\/i0.wp.com\/konte.uix.store\/demo-images\/header-v9.jpg?w=1400\" alt=\"Glava v9\">\t\t\t\t\t\t\t\t<\/div>\n\t\t\t\t<\/div>\n\t\t\t\t\t<\/div>\n\t\t<\/div>\n\t\t\t\t\t<\/div>\n\t\t<\/section>\n\t\t\t\t<section class=\"elementor-section elementor-top-section elementor-element elementor-element-fbbaa8a elementor-section-boxed elementor-section-height-default elementor-section-height-default\" data-id=\"fbbaa8a\" data-element_type=\"section\" data-e-type=\"section\">\n\t\t\t\t\t\t<div class=\"elementor-container elementor-column-gap-default\">\n\t\t\t\t\t<div class=\"elementor-column elementor-col-100 elementor-top-column elementor-element elementor-element-4681d92\" data-id=\"4681d92\" data-element_type=\"column\" data-e-type=\"column\">\n\t\t\t<div class=\"elementor-widget-wrap elementor-element-populated\">\n\t\t\t\t\t\t<div class=\"elementor-element elementor-element-da85bec elementor-widget elementor-widget-text-editor\" data-id=\"da85bec\" data-element_type=\"widget\" data-e-type=\"widget\" data-widget_type=\"text-editor.default\">\n\t\t\t\t<div class=\"elementor-widget-container\">\n\t\t\t\t\t\t\t\t\tTa postavitev glave podpira glavni del glave in spodnji del glave. Za te odseke lahko nastavite vi\u0161ino in ozadje ter barvo besedila v Prilagodi &gt; Glava. Vi\u0161ina glave spletnega mesta bo skupna vi\u0161ina glavne in spodnje glave glave.\t\t\t\t\t\t\t\t<\/div>\n\t\t\t\t<\/div>\n\t\t\t\t\t<\/div>\n\t\t<\/div>\n\t\t\t\t\t<\/div>\n\t\t<\/section>\n\t\t\t\t<\/div>","protected":false},"excerpt":{"rendered":"<p>Header V9 is a pre-configured header layout of Konte. In order to select it, just go to Customize > Header > Header Layout and select Prebuilt Header as Header V9.&hellip;<\/p>","protected":false},"author":1,"featured_media":0,"parent":523,"menu_order":0,"comment_status":"closed","ping_status":"closed","template":"","meta":{"footnotes":""},"class_list":["post-553","page","type-page","status-publish","hentry"],"_links":{"self":[{"href":"https:\/\/www.littlelovely.art\/sl\/wp-json\/wp\/v2\/pages\/553","targetHints":{"allow":["GET"]}}],"collection":[{"href":"https:\/\/www.littlelovely.art\/sl\/wp-json\/wp\/v2\/pages"}],"about":[{"href":"https:\/\/www.littlelovely.art\/sl\/wp-json\/wp\/v2\/types\/page"}],"author":[{"embeddable":true,"href":"https:\/\/www.littlelovely.art\/sl\/wp-json\/wp\/v2\/users\/1"}],"replies":[{"embeddable":true,"href":"https:\/\/www.littlelovely.art\/sl\/wp-json\/wp\/v2\/comments?post=553"}],"version-history":[{"count":0,"href":"https:\/\/www.littlelovely.art\/sl\/wp-json\/wp\/v2\/pages\/553\/revisions"}],"up":[{"embeddable":true,"href":"https:\/\/www.littlelovely.art\/sl\/wp-json\/wp\/v2\/pages\/523"}],"wp:attachment":[{"href":"https:\/\/www.littlelovely.art\/sl\/wp-json\/wp\/v2\/media?parent=553"}],"curies":[{"name":"wp","href":"https:\/\/api.w.org\/{rel}","templated":true}]}}

<div data-elementor-type="wp-page" data-elementor-id="553" class="elementor elementor-553" data-elementor-post-type="page">
						<section class="elementor-section elementor-top-section elementor-element elementor-element-af42df4 elementor-section-boxed elementor-section-height-default elementor-section-height-default" data-id="af42df4" data-element_type="section" data-e-type="section">
						<div class="elementor-container elementor-column-gap-default">
					<div class="elementor-column elementor-col-100 elementor-top-column elementor-element elementor-element-1b3ccbd" data-id="1b3ccbd" data-element_type="column" data-e-type="column">
			<div class="elementor-widget-wrap elementor-element-populated">
						<div class="elementor-element elementor-element-86e48e6 elementor-widget elementor-widget-text-editor" data-id="86e48e6" data-element_type="widget" data-e-type="widget" data-widget_type="text-editor.default">
				<div class="elementor-widget-container">
									Glava V9 je vnaprej konfigurirana postavitev glave Konte. Če ga želite izbrati, preprosto pojdite na Prilagodi &gt; Glava &gt; Postavitev glave in izberite Predzgrajena glava kot Glava V9. Pri vseh postavitvah glave lahko izberete ozadje glave, barvo besedila, nastavite višino v Customizerju. Poleg tega je zgornjo vrstico mogoče konfigurirati ločeno.								</div>
				</div>
					</div>
		</div>
					</div>
		</section>
				<section class="elementor-section elementor-top-section elementor-element elementor-element-ca448ea elementor-section-boxed elementor-section-height-default elementor-section-height-default elementor-invisible" data-id="ca448ea" data-element_type="section" data-e-type="section" data-settings="{&quot;animation&quot;:&quot;fadeIn&quot;,&quot;animation_delay&quot;:300}">
						<div class="elementor-container elementor-column-gap-no">
					<div class="elementor-column elementor-col-100 elementor-top-column elementor-element elementor-element-8517132" data-id="8517132" data-element_type="column" data-e-type="column">
			<div class="elementor-widget-wrap elementor-element-populated">
						<div class="elementor-element elementor-element-b229f31 elementor-widget elementor-widget-text-editor" data-id="b229f31" data-element_type="widget" data-e-type="widget" data-widget_type="text-editor.default">
				<div class="elementor-widget-container">
									<img decoding="async" src="https://i0.wp.com/konte.uix.store/demo-images/header-v9.jpg?w=1400" alt="Glava v9">								</div>
				</div>
					</div>
		</div>
					</div>
		</section>
				<section class="elementor-section elementor-top-section elementor-element elementor-element-fbbaa8a elementor-section-boxed elementor-section-height-default elementor-section-height-default" data-id="fbbaa8a" data-element_type="section" data-e-type="section">
						<div class="elementor-container elementor-column-gap-default">
					<div class="elementor-column elementor-col-100 elementor-top-column elementor-element elementor-element-4681d92" data-id="4681d92" data-element_type="column" data-e-type="column">
			<div class="elementor-widget-wrap elementor-element-populated">
						<div class="elementor-element elementor-element-da85bec elementor-widget elementor-widget-text-editor" data-id="da85bec" data-element_type="widget" data-e-type="widget" data-widget_type="text-editor.default">
				<div class="elementor-widget-container">
									Ta postavitev glave podpira glavni del glave in spodnji del glave. Za te odseke lahko nastavite višino in ozadje ter barvo besedila v Prilagodi &gt; Glava. Višina glave spletnega mesta bo skupna višina glavne in spodnje glave glave.								</div>
				</div>
					</div>
		</div>
					</div>
		</section>
				</div>
