{"id":551,"date":"2018-09-10T08:17:30","date_gmt":"2018-09-10T08:17:30","guid":{"rendered":"http:\/\/konte.uix.store\/elementor\/?page_id=551"},"modified":"2018-09-10T08:17:30","modified_gmt":"2018-09-10T08:17:30","slug":"glava-v8","status":"publish","type":"page","link":"https:\/\/www.littlelovely.art\/sl\/glava\/glava-v8\/","title":{"rendered":"Glava v8"},"content":{"rendered":"<div data-elementor-type=\"wp-page\" data-elementor-id=\"551\" class=\"elementor elementor-551\" data-elementor-post-type=\"page\">\n\t\t\t\t\t\t<section class=\"elementor-section elementor-top-section elementor-element elementor-element-b2c8d94 elementor-section-boxed elementor-section-height-default elementor-section-height-default\" data-id=\"b2c8d94\" data-element_type=\"section\" data-e-type=\"section\">\n\t\t\t\t\t\t<div class=\"elementor-container elementor-column-gap-default\">\n\t\t\t\t\t<div class=\"elementor-column elementor-col-100 elementor-top-column elementor-element elementor-element-25306fe\" data-id=\"25306fe\" data-element_type=\"column\" data-e-type=\"column\">\n\t\t\t<div class=\"elementor-widget-wrap elementor-element-populated\">\n\t\t\t\t\t\t<div class=\"elementor-element elementor-element-f7bb10c elementor-widget elementor-widget-text-editor\" data-id=\"f7bb10c\" data-element_type=\"widget\" data-e-type=\"widget\" data-widget_type=\"text-editor.default\">\n\t\t\t\t<div class=\"elementor-widget-container\">\n\t\t\t\t\t\t\t\t\tGlava V8 je vnaprej konfigurirana postavitev glave Konte. \u010ce ga \u017eelite izbrati, preprosto pojdite na Prilagajanje &gt; Glava &gt; Postavitev glave in izberite Predzgrajena glava kot Glava V8. Pri vseh postavitvah glave lahko izberete ozadje glave, barvo besedila, nastavite vi\u0161ino v Customizerju. Poleg tega je zgornjo vrstico mogo\u010de konfigurirati lo\u010deno.\t\t\t\t\t\t\t\t<\/div>\n\t\t\t\t<\/div>\n\t\t\t\t\t<\/div>\n\t\t<\/div>\n\t\t\t\t\t<\/div>\n\t\t<\/section>\n\t\t\t\t<section class=\"elementor-section elementor-top-section elementor-element elementor-element-ce8f834 elementor-section-boxed elementor-section-height-default elementor-section-height-default elementor-invisible\" data-id=\"ce8f834\" data-element_type=\"section\" data-e-type=\"section\" data-settings=\"{&quot;animation&quot;:&quot;fadeIn&quot;,&quot;animation_delay&quot;:300}\">\n\t\t\t\t\t\t<div class=\"elementor-container elementor-column-gap-no\">\n\t\t\t\t\t<div class=\"elementor-column elementor-col-100 elementor-top-column elementor-element elementor-element-5032586\" data-id=\"5032586\" data-element_type=\"column\" data-e-type=\"column\">\n\t\t\t<div class=\"elementor-widget-wrap elementor-element-populated\">\n\t\t\t\t\t\t<div class=\"elementor-element elementor-element-f5e7adc elementor-widget elementor-widget-text-editor\" data-id=\"f5e7adc\" data-element_type=\"widget\" data-e-type=\"widget\" data-widget_type=\"text-editor.default\">\n\t\t\t\t<div class=\"elementor-widget-container\">\n\t\t\t\t\t\t\t\t\t<img decoding=\"async\" src=\"https:\/\/i1.wp.com\/konte.uix.store\/demo-images\/header-v8.jpg?w=1400\" alt=\"Glava v8\">\t\t\t\t\t\t\t\t<\/div>\n\t\t\t\t<\/div>\n\t\t\t\t\t<\/div>\n\t\t<\/div>\n\t\t\t\t\t<\/div>\n\t\t<\/section>\n\t\t\t\t<section class=\"elementor-section elementor-top-section elementor-element elementor-element-f28af8f elementor-section-boxed elementor-section-height-default elementor-section-height-default\" data-id=\"f28af8f\" data-element_type=\"section\" data-e-type=\"section\">\n\t\t\t\t\t\t<div class=\"elementor-container elementor-column-gap-default\">\n\t\t\t\t\t<div class=\"elementor-column elementor-col-100 elementor-top-column elementor-element elementor-element-c27d8e9\" data-id=\"c27d8e9\" data-element_type=\"column\" data-e-type=\"column\">\n\t\t\t<div class=\"elementor-widget-wrap elementor-element-populated\">\n\t\t\t\t\t\t<div class=\"elementor-element elementor-element-a837cb3 elementor-widget elementor-widget-text-editor\" data-id=\"a837cb3\" data-element_type=\"widget\" data-e-type=\"widget\" data-widget_type=\"text-editor.default\">\n\t\t\t\t<div class=\"elementor-widget-container\">\n\t\t\t\t\t\t\t\t\tTa postavitev glave podpira glavni del glave in spodnji del glave. Za te odseke lahko nastavite vi\u0161ino in ozadje ter barvo besedila v Prilagodi &gt; Glava. Vi\u0161ina glave spletnega mesta bo skupna vi\u0161ina glavne in spodnje glave glave.\t\t\t\t\t\t\t\t<\/div>\n\t\t\t\t<\/div>\n\t\t\t\t\t<\/div>\n\t\t<\/div>\n\t\t\t\t\t<\/div>\n\t\t<\/section>\n\t\t\t\t<\/div>","protected":false},"excerpt":{"rendered":"<p>Header V8 is a pre-configured header layout of Konte. In order to select it, just go to Customize > Header > Header Layout and select Prebuilt Header as Header V8.&hellip;<\/p>","protected":false},"author":1,"featured_media":0,"parent":523,"menu_order":0,"comment_status":"closed","ping_status":"closed","template":"","meta":{"footnotes":""},"class_list":["post-551","page","type-page","status-publish","hentry"],"_links":{"self":[{"href":"https:\/\/www.littlelovely.art\/sl\/wp-json\/wp\/v2\/pages\/551","targetHints":{"allow":["GET"]}}],"collection":[{"href":"https:\/\/www.littlelovely.art\/sl\/wp-json\/wp\/v2\/pages"}],"about":[{"href":"https:\/\/www.littlelovely.art\/sl\/wp-json\/wp\/v2\/types\/page"}],"author":[{"embeddable":true,"href":"https:\/\/www.littlelovely.art\/sl\/wp-json\/wp\/v2\/users\/1"}],"replies":[{"embeddable":true,"href":"https:\/\/www.littlelovely.art\/sl\/wp-json\/wp\/v2\/comments?post=551"}],"version-history":[{"count":0,"href":"https:\/\/www.littlelovely.art\/sl\/wp-json\/wp\/v2\/pages\/551\/revisions"}],"up":[{"embeddable":true,"href":"https:\/\/www.littlelovely.art\/sl\/wp-json\/wp\/v2\/pages\/523"}],"wp:attachment":[{"href":"https:\/\/www.littlelovely.art\/sl\/wp-json\/wp\/v2\/media?parent=551"}],"curies":[{"name":"wp","href":"https:\/\/api.w.org\/{rel}","templated":true}]}}

<div data-elementor-type="wp-page" data-elementor-id="551" class="elementor elementor-551" data-elementor-post-type="page">
						<section class="elementor-section elementor-top-section elementor-element elementor-element-b2c8d94 elementor-section-boxed elementor-section-height-default elementor-section-height-default" data-id="b2c8d94" data-element_type="section" data-e-type="section">
						<div class="elementor-container elementor-column-gap-default">
					<div class="elementor-column elementor-col-100 elementor-top-column elementor-element elementor-element-25306fe" data-id="25306fe" data-element_type="column" data-e-type="column">
			<div class="elementor-widget-wrap elementor-element-populated">
						<div class="elementor-element elementor-element-f7bb10c elementor-widget elementor-widget-text-editor" data-id="f7bb10c" data-element_type="widget" data-e-type="widget" data-widget_type="text-editor.default">
				<div class="elementor-widget-container">
									Glava V8 je vnaprej konfigurirana postavitev glave Konte. Če ga želite izbrati, preprosto pojdite na Prilagajanje &gt; Glava &gt; Postavitev glave in izberite Predzgrajena glava kot Glava V8. Pri vseh postavitvah glave lahko izberete ozadje glave, barvo besedila, nastavite višino v Customizerju. Poleg tega je zgornjo vrstico mogoče konfigurirati ločeno.								</div>
				</div>
					</div>
		</div>
					</div>
		</section>
				<section class="elementor-section elementor-top-section elementor-element elementor-element-ce8f834 elementor-section-boxed elementor-section-height-default elementor-section-height-default elementor-invisible" data-id="ce8f834" data-element_type="section" data-e-type="section" data-settings="{&quot;animation&quot;:&quot;fadeIn&quot;,&quot;animation_delay&quot;:300}">
						<div class="elementor-container elementor-column-gap-no">
					<div class="elementor-column elementor-col-100 elementor-top-column elementor-element elementor-element-5032586" data-id="5032586" data-element_type="column" data-e-type="column">
			<div class="elementor-widget-wrap elementor-element-populated">
						<div class="elementor-element elementor-element-f5e7adc elementor-widget elementor-widget-text-editor" data-id="f5e7adc" data-element_type="widget" data-e-type="widget" data-widget_type="text-editor.default">
				<div class="elementor-widget-container">
									<img decoding="async" src="https://i1.wp.com/konte.uix.store/demo-images/header-v8.jpg?w=1400" alt="Glava v8">								</div>
				</div>
					</div>
		</div>
					</div>
		</section>
				<section class="elementor-section elementor-top-section elementor-element elementor-element-f28af8f elementor-section-boxed elementor-section-height-default elementor-section-height-default" data-id="f28af8f" data-element_type="section" data-e-type="section">
						<div class="elementor-container elementor-column-gap-default">
					<div class="elementor-column elementor-col-100 elementor-top-column elementor-element elementor-element-c27d8e9" data-id="c27d8e9" data-element_type="column" data-e-type="column">
			<div class="elementor-widget-wrap elementor-element-populated">
						<div class="elementor-element elementor-element-a837cb3 elementor-widget elementor-widget-text-editor" data-id="a837cb3" data-element_type="widget" data-e-type="widget" data-widget_type="text-editor.default">
				<div class="elementor-widget-container">
									Ta postavitev glave podpira glavni del glave in spodnji del glave. Za te odseke lahko nastavite višino in ozadje ter barvo besedila v Prilagodi &gt; Glava. Višina glave spletnega mesta bo skupna višina glavne in spodnje glave glave.								</div>
				</div>
					</div>
		</div>
					</div>
		</section>
				</div>
