{"id":549,"date":"2018-09-10T08:13:12","date_gmt":"2018-09-10T08:13:12","guid":{"rendered":"http:\/\/konte.uix.store\/elementor\/?page_id=549"},"modified":"2018-09-10T08:13:12","modified_gmt":"2018-09-10T08:13:12","slug":"glava-v7","status":"publish","type":"page","link":"https:\/\/www.littlelovely.art\/sl\/glava\/glava-v7\/","title":{"rendered":"Glava v7"},"content":{"rendered":"<div data-elementor-type=\"wp-page\" data-elementor-id=\"549\" class=\"elementor elementor-549\" data-elementor-post-type=\"page\">\n\t\t\t\t\t\t<section class=\"elementor-section elementor-top-section elementor-element elementor-element-bb1b51e elementor-section-boxed elementor-section-height-default elementor-section-height-default\" data-id=\"bb1b51e\" data-element_type=\"section\" data-e-type=\"section\">\n\t\t\t\t\t\t<div class=\"elementor-container elementor-column-gap-default\">\n\t\t\t\t\t<div class=\"elementor-column elementor-col-100 elementor-top-column elementor-element elementor-element-018a264\" data-id=\"018a264\" data-element_type=\"column\" data-e-type=\"column\">\n\t\t\t<div class=\"elementor-widget-wrap elementor-element-populated\">\n\t\t\t\t\t\t<div class=\"elementor-element elementor-element-5a5defc elementor-widget elementor-widget-text-editor\" data-id=\"5a5defc\" data-element_type=\"widget\" data-e-type=\"widget\" data-widget_type=\"text-editor.default\">\n\t\t\t\t<div class=\"elementor-widget-container\">\n\t\t\t\t\t\t\t\t\tGlava V7 je vnaprej konfigurirana postavitev glave Konte. \u010ce ga \u017eelite izbrati, preprosto pojdite na Prilagajanje &gt; Glava &gt; Postavitev glave in izberite Predzgrajena glava kot Glava V7. Pri vseh postavitvah glave lahko izberete ozadje glave, barvo besedila, nastavite vi\u0161ino v Customizerju. Poleg tega je zgornjo vrstico mogo\u010de konfigurirati lo\u010deno.\t\t\t\t\t\t\t\t<\/div>\n\t\t\t\t<\/div>\n\t\t\t\t\t<\/div>\n\t\t<\/div>\n\t\t\t\t\t<\/div>\n\t\t<\/section>\n\t\t\t\t<section class=\"elementor-section elementor-top-section elementor-element elementor-element-f9b03ee elementor-section-boxed elementor-section-height-default elementor-section-height-default elementor-invisible\" data-id=\"f9b03ee\" data-element_type=\"section\" data-e-type=\"section\" data-settings=\"{&quot;animation&quot;:&quot;fadeIn&quot;,&quot;animation_delay&quot;:300}\">\n\t\t\t\t\t\t<div class=\"elementor-container elementor-column-gap-no\">\n\t\t\t\t\t<div class=\"elementor-column elementor-col-100 elementor-top-column elementor-element elementor-element-eee1400\" data-id=\"eee1400\" data-element_type=\"column\" data-e-type=\"column\">\n\t\t\t<div class=\"elementor-widget-wrap elementor-element-populated\">\n\t\t\t\t\t\t<div class=\"elementor-element elementor-element-4e90e92 elementor-widget elementor-widget-text-editor\" data-id=\"4e90e92\" data-element_type=\"widget\" data-e-type=\"widget\" data-widget_type=\"text-editor.default\">\n\t\t\t\t<div class=\"elementor-widget-container\">\n\t\t\t\t\t\t\t\t\t<img decoding=\"async\" src=\"https:\/\/i0.wp.com\/konte.uix.store\/demo-images\/header-v7.jpg?w=1400\" alt=\"Glava v7\">\t\t\t\t\t\t\t\t<\/div>\n\t\t\t\t<\/div>\n\t\t\t\t\t<\/div>\n\t\t<\/div>\n\t\t\t\t\t<\/div>\n\t\t<\/section>\n\t\t\t\t<section class=\"elementor-section elementor-top-section elementor-element elementor-element-5d864c1 elementor-section-boxed elementor-section-height-default elementor-section-height-default\" data-id=\"5d864c1\" data-element_type=\"section\" data-e-type=\"section\">\n\t\t\t\t\t\t<div class=\"elementor-container elementor-column-gap-default\">\n\t\t\t\t\t<div class=\"elementor-column elementor-col-100 elementor-top-column elementor-element elementor-element-9833bb9\" data-id=\"9833bb9\" data-element_type=\"column\" data-e-type=\"column\">\n\t\t\t<div class=\"elementor-widget-wrap elementor-element-populated\">\n\t\t\t\t\t\t<div class=\"elementor-element elementor-element-10cf6ba elementor-widget elementor-widget-text-editor\" data-id=\"10cf6ba\" data-element_type=\"widget\" data-e-type=\"widget\" data-widget_type=\"text-editor.default\">\n\t\t\t\t<div class=\"elementor-widget-container\">\n\t\t\t\t\t\t\t\t\tThis header layout supports only the Header Main section. You can set the header main\u2019s height and background in Customize > Header > Header Main.\t\t\t\t\t\t\t\t<\/div>\n\t\t\t\t<\/div>\n\t\t\t\t\t<\/div>\n\t\t<\/div>\n\t\t\t\t\t<\/div>\n\t\t<\/section>\n\t\t\t\t<\/div>","protected":false},"excerpt":{"rendered":"<p>Glava V7 je vnaprej konfigurirana postavitev glave Konte. \u010ce jo \u017eelite izbrati, pojdite na Prilagodi &gt; Glava &gt; Postavitev glave in izberite Predpripravljena glava kot Glava V7.\u2026<\/p>","protected":false},"author":1,"featured_media":0,"parent":523,"menu_order":0,"comment_status":"closed","ping_status":"closed","template":"","meta":{"footnotes":""},"class_list":["post-549","page","type-page","status-publish","hentry"],"_links":{"self":[{"href":"https:\/\/www.littlelovely.art\/sl\/wp-json\/wp\/v2\/pages\/549","targetHints":{"allow":["GET"]}}],"collection":[{"href":"https:\/\/www.littlelovely.art\/sl\/wp-json\/wp\/v2\/pages"}],"about":[{"href":"https:\/\/www.littlelovely.art\/sl\/wp-json\/wp\/v2\/types\/page"}],"author":[{"embeddable":true,"href":"https:\/\/www.littlelovely.art\/sl\/wp-json\/wp\/v2\/users\/1"}],"replies":[{"embeddable":true,"href":"https:\/\/www.littlelovely.art\/sl\/wp-json\/wp\/v2\/comments?post=549"}],"version-history":[{"count":0,"href":"https:\/\/www.littlelovely.art\/sl\/wp-json\/wp\/v2\/pages\/549\/revisions"}],"up":[{"embeddable":true,"href":"https:\/\/www.littlelovely.art\/sl\/wp-json\/wp\/v2\/pages\/523"}],"wp:attachment":[{"href":"https:\/\/www.littlelovely.art\/sl\/wp-json\/wp\/v2\/media?parent=549"}],"curies":[{"name":"wp","href":"https:\/\/api.w.org\/{rel}","templated":true}]}}

<div data-elementor-type="wp-page" data-elementor-id="549" class="elementor elementor-549" data-elementor-post-type="page">
						<section class="elementor-section elementor-top-section elementor-element elementor-element-bb1b51e elementor-section-boxed elementor-section-height-default elementor-section-height-default" data-id="bb1b51e" data-element_type="section" data-e-type="section">
						<div class="elementor-container elementor-column-gap-default">
					<div class="elementor-column elementor-col-100 elementor-top-column elementor-element elementor-element-018a264" data-id="018a264" data-element_type="column" data-e-type="column">
			<div class="elementor-widget-wrap elementor-element-populated">
						<div class="elementor-element elementor-element-5a5defc elementor-widget elementor-widget-text-editor" data-id="5a5defc" data-element_type="widget" data-e-type="widget" data-widget_type="text-editor.default">
				<div class="elementor-widget-container">
									Glava V7 je vnaprej konfigurirana postavitev glave Konte. Če ga želite izbrati, preprosto pojdite na Prilagajanje &gt; Glava &gt; Postavitev glave in izberite Predzgrajena glava kot Glava V7. Pri vseh postavitvah glave lahko izberete ozadje glave, barvo besedila, nastavite višino v Customizerju. Poleg tega je zgornjo vrstico mogoče konfigurirati ločeno.								</div>
				</div>
					</div>
		</div>
					</div>
		</section>
				<section class="elementor-section elementor-top-section elementor-element elementor-element-f9b03ee elementor-section-boxed elementor-section-height-default elementor-section-height-default elementor-invisible" data-id="f9b03ee" data-element_type="section" data-e-type="section" data-settings="{&quot;animation&quot;:&quot;fadeIn&quot;,&quot;animation_delay&quot;:300}">
						<div class="elementor-container elementor-column-gap-no">
					<div class="elementor-column elementor-col-100 elementor-top-column elementor-element elementor-element-eee1400" data-id="eee1400" data-element_type="column" data-e-type="column">
			<div class="elementor-widget-wrap elementor-element-populated">
						<div class="elementor-element elementor-element-4e90e92 elementor-widget elementor-widget-text-editor" data-id="4e90e92" data-element_type="widget" data-e-type="widget" data-widget_type="text-editor.default">
				<div class="elementor-widget-container">
									<img decoding="async" src="https://i0.wp.com/konte.uix.store/demo-images/header-v7.jpg?w=1400" alt="Glava v7">								</div>
				</div>
					</div>
		</div>
					</div>
		</section>
				<section class="elementor-section elementor-top-section elementor-element elementor-element-5d864c1 elementor-section-boxed elementor-section-height-default elementor-section-height-default" data-id="5d864c1" data-element_type="section" data-e-type="section">
						<div class="elementor-container elementor-column-gap-default">
					<div class="elementor-column elementor-col-100 elementor-top-column elementor-element elementor-element-9833bb9" data-id="9833bb9" data-element_type="column" data-e-type="column">
			<div class="elementor-widget-wrap elementor-element-populated">
						<div class="elementor-element elementor-element-10cf6ba elementor-widget elementor-widget-text-editor" data-id="10cf6ba" data-element_type="widget" data-e-type="widget" data-widget_type="text-editor.default">
				<div class="elementor-widget-container">
									This header layout supports only the Header Main section. You can set the header main’s height and background in Customize > Header > Header Main.								</div>
				</div>
					</div>
		</div>
					</div>
		</section>
				</div>

<p>Glava V7 je vnaprej konfigurirana postavitev glave Konte. Če jo želite izbrati, pojdite na Prilagodi &gt; Glava &gt; Postavitev glave in izberite Predpripravljena glava kot Glava V7.…</p>
