{"id":541,"date":"2018-09-10T08:08:34","date_gmt":"2018-09-10T08:08:34","guid":{"rendered":"http:\/\/konte.uix.store\/elementor\/?page_id=541"},"modified":"2018-09-10T08:08:34","modified_gmt":"2018-09-10T08:08:34","slug":"glava-v3","status":"publish","type":"page","link":"https:\/\/www.littlelovely.art\/sl\/glava\/glava-v3\/","title":{"rendered":"Glava v3"},"content":{"rendered":"<div data-elementor-type=\"wp-page\" data-elementor-id=\"541\" class=\"elementor elementor-541\" data-elementor-post-type=\"page\">\n\t\t\t\t\t\t<section class=\"elementor-section elementor-top-section elementor-element elementor-element-3112e71 elementor-section-boxed elementor-section-height-default elementor-section-height-default\" data-id=\"3112e71\" data-element_type=\"section\" data-e-type=\"section\">\n\t\t\t\t\t\t<div class=\"elementor-container elementor-column-gap-default\">\n\t\t\t\t\t<div class=\"elementor-column elementor-col-100 elementor-top-column elementor-element elementor-element-9ec62bc\" data-id=\"9ec62bc\" data-element_type=\"column\" data-e-type=\"column\">\n\t\t\t<div class=\"elementor-widget-wrap elementor-element-populated\">\n\t\t\t\t\t\t<div class=\"elementor-element elementor-element-a233a81 elementor-widget elementor-widget-text-editor\" data-id=\"a233a81\" data-element_type=\"widget\" data-e-type=\"widget\" data-widget_type=\"text-editor.default\">\n\t\t\t\t<div class=\"elementor-widget-container\">\n\t\t\t\t\t\t\t\t\tGlava V3 je vnaprej konfigurirana postavitev glave Konte. \u010ce ga \u017eelite izbrati, preprosto pojdite na Prilagodi &gt; Glava &gt; Postavitev glave in izberite Predzgrajena glava kot Glava V3. Pri vseh postavitvah glave lahko izberete ozadje glave, barvo besedila, nastavite vi\u0161ino v Customizerju. Poleg tega je zgornjo vrstico mogo\u010de konfigurirati lo\u010deno.\t\t\t\t\t\t\t\t<\/div>\n\t\t\t\t<\/div>\n\t\t\t\t\t<\/div>\n\t\t<\/div>\n\t\t\t\t\t<\/div>\n\t\t<\/section>\n\t\t\t\t<section class=\"elementor-section elementor-top-section elementor-element elementor-element-39e2a12 elementor-section-boxed elementor-section-height-default elementor-section-height-default elementor-invisible\" data-id=\"39e2a12\" data-element_type=\"section\" data-e-type=\"section\" data-settings=\"{&quot;animation&quot;:&quot;fadeIn&quot;,&quot;animation_delay&quot;:300}\">\n\t\t\t\t\t\t<div class=\"elementor-container elementor-column-gap-no\">\n\t\t\t\t\t<div class=\"elementor-column elementor-col-100 elementor-top-column elementor-element elementor-element-642d7ff\" data-id=\"642d7ff\" data-element_type=\"column\" data-e-type=\"column\">\n\t\t\t<div class=\"elementor-widget-wrap elementor-element-populated\">\n\t\t\t\t\t\t<div class=\"elementor-element elementor-element-d0791a3 elementor-widget elementor-widget-text-editor\" data-id=\"d0791a3\" data-element_type=\"widget\" data-e-type=\"widget\" data-widget_type=\"text-editor.default\">\n\t\t\t\t<div class=\"elementor-widget-container\">\n\t\t\t\t\t\t\t\t\t<img decoding=\"async\" src=\"https:\/\/i2.wp.com\/konte.uix.store\/demo-images\/header-v3.jpg?w=1400\" alt=\"Glava v3\">\t\t\t\t\t\t\t\t<\/div>\n\t\t\t\t<\/div>\n\t\t\t\t\t<\/div>\n\t\t<\/div>\n\t\t\t\t\t<\/div>\n\t\t<\/section>\n\t\t\t\t<section class=\"elementor-section elementor-top-section elementor-element elementor-element-93bc37e elementor-section-boxed elementor-section-height-default elementor-section-height-default\" data-id=\"93bc37e\" data-element_type=\"section\" data-e-type=\"section\">\n\t\t\t\t\t\t<div class=\"elementor-container elementor-column-gap-default\">\n\t\t\t\t\t<div class=\"elementor-column elementor-col-100 elementor-top-column elementor-element elementor-element-090aeeb\" data-id=\"090aeeb\" data-element_type=\"column\" data-e-type=\"column\">\n\t\t\t<div class=\"elementor-widget-wrap elementor-element-populated\">\n\t\t\t\t\t\t<div class=\"elementor-element elementor-element-a1bd147 elementor-widget elementor-widget-text-editor\" data-id=\"a1bd147\" data-element_type=\"widget\" data-e-type=\"widget\" data-widget_type=\"text-editor.default\">\n\t\t\t\t<div class=\"elementor-widget-container\">\n\t\t\t\t\t\t\t\t\tTa postavitev glave podpira samo glavni razdelek glave. Vi\u0161ino in ozadje glavne glave lahko nastavite v Prilagodi &gt; Glava &gt; Glavna glava.\t\t\t\t\t\t\t\t<\/div>\n\t\t\t\t<\/div>\n\t\t\t\t\t<\/div>\n\t\t<\/div>\n\t\t\t\t\t<\/div>\n\t\t<\/section>\n\t\t\t\t<\/div>","protected":false},"excerpt":{"rendered":"<p>Header V3 is a pre-configured header layout of Konte. In order to select it,\u00a0just go to Customize &gt; Header &gt; Header Layout and select Prebuilt Header as Header V3.\u00a0With all&hellip;<\/p>","protected":false},"author":1,"featured_media":0,"parent":523,"menu_order":0,"comment_status":"closed","ping_status":"closed","template":"","meta":{"footnotes":""},"class_list":["post-541","page","type-page","status-publish","hentry"],"_links":{"self":[{"href":"https:\/\/www.littlelovely.art\/sl\/wp-json\/wp\/v2\/pages\/541","targetHints":{"allow":["GET"]}}],"collection":[{"href":"https:\/\/www.littlelovely.art\/sl\/wp-json\/wp\/v2\/pages"}],"about":[{"href":"https:\/\/www.littlelovely.art\/sl\/wp-json\/wp\/v2\/types\/page"}],"author":[{"embeddable":true,"href":"https:\/\/www.littlelovely.art\/sl\/wp-json\/wp\/v2\/users\/1"}],"replies":[{"embeddable":true,"href":"https:\/\/www.littlelovely.art\/sl\/wp-json\/wp\/v2\/comments?post=541"}],"version-history":[{"count":0,"href":"https:\/\/www.littlelovely.art\/sl\/wp-json\/wp\/v2\/pages\/541\/revisions"}],"up":[{"embeddable":true,"href":"https:\/\/www.littlelovely.art\/sl\/wp-json\/wp\/v2\/pages\/523"}],"wp:attachment":[{"href":"https:\/\/www.littlelovely.art\/sl\/wp-json\/wp\/v2\/media?parent=541"}],"curies":[{"name":"wp","href":"https:\/\/api.w.org\/{rel}","templated":true}]}}

<div data-elementor-type="wp-page" data-elementor-id="541" class="elementor elementor-541" data-elementor-post-type="page">
						<section class="elementor-section elementor-top-section elementor-element elementor-element-3112e71 elementor-section-boxed elementor-section-height-default elementor-section-height-default" data-id="3112e71" data-element_type="section" data-e-type="section">
						<div class="elementor-container elementor-column-gap-default">
					<div class="elementor-column elementor-col-100 elementor-top-column elementor-element elementor-element-9ec62bc" data-id="9ec62bc" data-element_type="column" data-e-type="column">
			<div class="elementor-widget-wrap elementor-element-populated">
						<div class="elementor-element elementor-element-a233a81 elementor-widget elementor-widget-text-editor" data-id="a233a81" data-element_type="widget" data-e-type="widget" data-widget_type="text-editor.default">
				<div class="elementor-widget-container">
									Glava V3 je vnaprej konfigurirana postavitev glave Konte. Če ga želite izbrati, preprosto pojdite na Prilagodi &gt; Glava &gt; Postavitev glave in izberite Predzgrajena glava kot Glava V3. Pri vseh postavitvah glave lahko izberete ozadje glave, barvo besedila, nastavite višino v Customizerju. Poleg tega je zgornjo vrstico mogoče konfigurirati ločeno.								</div>
				</div>
					</div>
		</div>
					</div>
		</section>
				<section class="elementor-section elementor-top-section elementor-element elementor-element-39e2a12 elementor-section-boxed elementor-section-height-default elementor-section-height-default elementor-invisible" data-id="39e2a12" data-element_type="section" data-e-type="section" data-settings="{&quot;animation&quot;:&quot;fadeIn&quot;,&quot;animation_delay&quot;:300}">
						<div class="elementor-container elementor-column-gap-no">
					<div class="elementor-column elementor-col-100 elementor-top-column elementor-element elementor-element-642d7ff" data-id="642d7ff" data-element_type="column" data-e-type="column">
			<div class="elementor-widget-wrap elementor-element-populated">
						<div class="elementor-element elementor-element-d0791a3 elementor-widget elementor-widget-text-editor" data-id="d0791a3" data-element_type="widget" data-e-type="widget" data-widget_type="text-editor.default">
				<div class="elementor-widget-container">
									<img decoding="async" src="https://i2.wp.com/konte.uix.store/demo-images/header-v3.jpg?w=1400" alt="Glava v3">								</div>
				</div>
					</div>
		</div>
					</div>
		</section>
				<section class="elementor-section elementor-top-section elementor-element elementor-element-93bc37e elementor-section-boxed elementor-section-height-default elementor-section-height-default" data-id="93bc37e" data-element_type="section" data-e-type="section">
						<div class="elementor-container elementor-column-gap-default">
					<div class="elementor-column elementor-col-100 elementor-top-column elementor-element elementor-element-090aeeb" data-id="090aeeb" data-element_type="column" data-e-type="column">
			<div class="elementor-widget-wrap elementor-element-populated">
						<div class="elementor-element elementor-element-a1bd147 elementor-widget elementor-widget-text-editor" data-id="a1bd147" data-element_type="widget" data-e-type="widget" data-widget_type="text-editor.default">
				<div class="elementor-widget-container">
									Ta postavitev glave podpira samo glavni razdelek glave. Višino in ozadje glavne glave lahko nastavite v Prilagodi &gt; Glava &gt; Glavna glava.								</div>
				</div>
					</div>
		</div>
					</div>
		</section>
				</div>
