{"id":534,"date":"2018-09-10T07:57:55","date_gmt":"2018-09-10T07:57:55","guid":{"rendered":"http:\/\/konte.uix.store\/elementor\/?page_id=534"},"modified":"2018-09-10T07:57:55","modified_gmt":"2018-09-10T07:57:55","slug":"glava-v1","status":"publish","type":"page","link":"https:\/\/www.littlelovely.art\/sl\/glava\/glava-v1\/","title":{"rendered":"Glava v1"},"content":{"rendered":"<div data-elementor-type=\"wp-page\" data-elementor-id=\"534\" class=\"elementor elementor-534\" data-elementor-post-type=\"page\">\n\t\t\t\t\t\t<section class=\"elementor-section elementor-top-section elementor-element elementor-element-3f60587 elementor-section-boxed elementor-section-height-default elementor-section-height-default\" data-id=\"3f60587\" data-element_type=\"section\" data-e-type=\"section\">\n\t\t\t\t\t\t<div class=\"elementor-container elementor-column-gap-default\">\n\t\t\t\t\t<div class=\"elementor-column elementor-col-100 elementor-top-column elementor-element elementor-element-a2a258e\" data-id=\"a2a258e\" data-element_type=\"column\" data-e-type=\"column\">\n\t\t\t<div class=\"elementor-widget-wrap elementor-element-populated\">\n\t\t\t\t\t\t<div class=\"elementor-element elementor-element-46c0a9b elementor-widget elementor-widget-text-editor\" data-id=\"46c0a9b\" data-element_type=\"widget\" data-e-type=\"widget\" data-widget_type=\"text-editor.default\">\n\t\t\t\t<div class=\"elementor-widget-container\">\n\t\t\t\t\t\t\t\t\tGlava V1 je vnaprej konfigurirana postavitev glave Konte. \u010ce ga \u017eelite izbrati, preprosto pojdite na Prilagodi &gt; Glava &gt; Postavitev glave in izberite Predzgrajena glava kot Glava V1. Pri vseh postavitvah glave lahko izberete ozadje glave, barvo besedila, nastavite vi\u0161ino v Customizerju. Poleg tega je zgornjo vrstico mogo\u010de konfigurirati lo\u010deno.\t\t\t\t\t\t\t\t<\/div>\n\t\t\t\t<\/div>\n\t\t\t\t\t<\/div>\n\t\t<\/div>\n\t\t\t\t\t<\/div>\n\t\t<\/section>\n\t\t\t\t<section class=\"elementor-section elementor-top-section elementor-element elementor-element-470d1d7 elementor-section-boxed elementor-section-height-default elementor-section-height-default\" data-id=\"470d1d7\" data-element_type=\"section\" data-e-type=\"section\">\n\t\t\t\t\t\t<div class=\"elementor-container elementor-column-gap-no\">\n\t\t\t\t\t<div class=\"elementor-column elementor-col-100 elementor-top-column elementor-element elementor-element-e4f857a\" data-id=\"e4f857a\" data-element_type=\"column\" data-e-type=\"column\">\n\t\t\t<div class=\"elementor-widget-wrap elementor-element-populated\">\n\t\t\t\t\t\t<div class=\"elementor-element elementor-element-6c12740 elementor-invisible elementor-widget elementor-widget-text-editor\" data-id=\"6c12740\" data-element_type=\"widget\" data-e-type=\"widget\" data-settings=\"{&quot;_animation&quot;:&quot;fadeIn&quot;,&quot;_animation_delay&quot;:300}\" data-widget_type=\"text-editor.default\">\n\t\t\t\t<div class=\"elementor-widget-container\">\n\t\t\t\t\t\t\t\t\t<img decoding=\"async\" src=\"https:\/\/i0.wp.com\/konte.uix.store\/demo-images\/header-v1.jpg?w=1400\" alt=\"Glava v1\">\t\t\t\t\t\t\t\t<\/div>\n\t\t\t\t<\/div>\n\t\t\t\t\t<\/div>\n\t\t<\/div>\n\t\t\t\t\t<\/div>\n\t\t<\/section>\n\t\t\t\t<section class=\"elementor-section elementor-top-section elementor-element elementor-element-b94d698 elementor-section-boxed elementor-section-height-default elementor-section-height-default\" data-id=\"b94d698\" data-element_type=\"section\" data-e-type=\"section\">\n\t\t\t\t\t\t<div class=\"elementor-container elementor-column-gap-default\">\n\t\t\t\t\t<div class=\"elementor-column elementor-col-100 elementor-top-column elementor-element elementor-element-3cd9356\" data-id=\"3cd9356\" data-element_type=\"column\" data-e-type=\"column\">\n\t\t\t<div class=\"elementor-widget-wrap elementor-element-populated\">\n\t\t\t\t\t\t<div class=\"elementor-element elementor-element-e41d4f4 elementor-widget elementor-widget-text-editor\" data-id=\"e41d4f4\" data-element_type=\"widget\" data-e-type=\"widget\" data-widget_type=\"text-editor.default\">\n\t\t\t\t<div class=\"elementor-widget-container\">\n\t\t\t\t\t\t\t\t\tThis header layout supports only the Header Main section. You can set the header main\u2019s height and background in Customize > Header > Header Main.\t\t\t\t\t\t\t\t<\/div>\n\t\t\t\t<\/div>\n\t\t\t\t\t<\/div>\n\t\t<\/div>\n\t\t\t\t\t<\/div>\n\t\t<\/section>\n\t\t\t\t<\/div>","protected":false},"excerpt":{"rendered":"<p>Header V1 is a pre-configured header layout of Konte. In order to select it, just go to Customize > Header > Header Layout and select Prebuilt Header as Header V1.&hellip;<\/p>","protected":false},"author":1,"featured_media":0,"parent":523,"menu_order":0,"comment_status":"closed","ping_status":"closed","template":"","meta":{"footnotes":""},"class_list":["post-534","page","type-page","status-publish","hentry"],"_links":{"self":[{"href":"https:\/\/www.littlelovely.art\/sl\/wp-json\/wp\/v2\/pages\/534","targetHints":{"allow":["GET"]}}],"collection":[{"href":"https:\/\/www.littlelovely.art\/sl\/wp-json\/wp\/v2\/pages"}],"about":[{"href":"https:\/\/www.littlelovely.art\/sl\/wp-json\/wp\/v2\/types\/page"}],"author":[{"embeddable":true,"href":"https:\/\/www.littlelovely.art\/sl\/wp-json\/wp\/v2\/users\/1"}],"replies":[{"embeddable":true,"href":"https:\/\/www.littlelovely.art\/sl\/wp-json\/wp\/v2\/comments?post=534"}],"version-history":[{"count":0,"href":"https:\/\/www.littlelovely.art\/sl\/wp-json\/wp\/v2\/pages\/534\/revisions"}],"up":[{"embeddable":true,"href":"https:\/\/www.littlelovely.art\/sl\/wp-json\/wp\/v2\/pages\/523"}],"wp:attachment":[{"href":"https:\/\/www.littlelovely.art\/sl\/wp-json\/wp\/v2\/media?parent=534"}],"curies":[{"name":"wp","href":"https:\/\/api.w.org\/{rel}","templated":true}]}}

<div data-elementor-type="wp-page" data-elementor-id="534" class="elementor elementor-534" data-elementor-post-type="page">
						<section class="elementor-section elementor-top-section elementor-element elementor-element-3f60587 elementor-section-boxed elementor-section-height-default elementor-section-height-default" data-id="3f60587" data-element_type="section" data-e-type="section">
						<div class="elementor-container elementor-column-gap-default">
					<div class="elementor-column elementor-col-100 elementor-top-column elementor-element elementor-element-a2a258e" data-id="a2a258e" data-element_type="column" data-e-type="column">
			<div class="elementor-widget-wrap elementor-element-populated">
						<div class="elementor-element elementor-element-46c0a9b elementor-widget elementor-widget-text-editor" data-id="46c0a9b" data-element_type="widget" data-e-type="widget" data-widget_type="text-editor.default">
				<div class="elementor-widget-container">
									Glava V1 je vnaprej konfigurirana postavitev glave Konte. Če ga želite izbrati, preprosto pojdite na Prilagodi &gt; Glava &gt; Postavitev glave in izberite Predzgrajena glava kot Glava V1. Pri vseh postavitvah glave lahko izberete ozadje glave, barvo besedila, nastavite višino v Customizerju. Poleg tega je zgornjo vrstico mogoče konfigurirati ločeno.								</div>
				</div>
					</div>
		</div>
					</div>
		</section>
				<section class="elementor-section elementor-top-section elementor-element elementor-element-470d1d7 elementor-section-boxed elementor-section-height-default elementor-section-height-default" data-id="470d1d7" data-element_type="section" data-e-type="section">
						<div class="elementor-container elementor-column-gap-no">
					<div class="elementor-column elementor-col-100 elementor-top-column elementor-element elementor-element-e4f857a" data-id="e4f857a" data-element_type="column" data-e-type="column">
			<div class="elementor-widget-wrap elementor-element-populated">
						<div class="elementor-element elementor-element-6c12740 elementor-invisible elementor-widget elementor-widget-text-editor" data-id="6c12740" data-element_type="widget" data-e-type="widget" data-settings="{&quot;_animation&quot;:&quot;fadeIn&quot;,&quot;_animation_delay&quot;:300}" data-widget_type="text-editor.default">
				<div class="elementor-widget-container">
									<img decoding="async" src="https://i0.wp.com/konte.uix.store/demo-images/header-v1.jpg?w=1400" alt="Glava v1">								</div>
				</div>
					</div>
		</div>
					</div>
		</section>
				<section class="elementor-section elementor-top-section elementor-element elementor-element-b94d698 elementor-section-boxed elementor-section-height-default elementor-section-height-default" data-id="b94d698" data-element_type="section" data-e-type="section">
						<div class="elementor-container elementor-column-gap-default">
					<div class="elementor-column elementor-col-100 elementor-top-column elementor-element elementor-element-3cd9356" data-id="3cd9356" data-element_type="column" data-e-type="column">
			<div class="elementor-widget-wrap elementor-element-populated">
						<div class="elementor-element elementor-element-e41d4f4 elementor-widget elementor-widget-text-editor" data-id="e41d4f4" data-element_type="widget" data-e-type="widget" data-widget_type="text-editor.default">
				<div class="elementor-widget-container">
									This header layout supports only the Header Main section. You can set the header main’s height and background in Customize > Header > Header Main.								</div>
				</div>
					</div>
		</div>
					</div>
		</section>
				</div>
